{"id":81,"date":"2025-03-19T13:16:11","date_gmt":"2025-03-19T13:16:11","guid":{"rendered":"https:\/\/gokhanergroup.com.tr\/?page_id=81"},"modified":"2025-03-24T10:09:55","modified_gmt":"2025-03-24T10:09:55","slug":"services-2","status":"publish","type":"page","link":"https:\/\/gokhanergroup.com.tr\/?page_id=81","title":{"rendered":"Services"},"content":{"rendered":"<p>[et_pb_section fb_built=&#8221;1&#8243; admin_label=&#8221;Services&#8221; _builder_version=&#8221;4.25.2&#8243; _module_preset=&#8221;default&#8221; collapsed=&#8221;on&#8221; global_colors_info=&#8221;{}&#8221;][et_pb_row _builder_version=&#8221;4.22.0&#8243; _module_preset=&#8221;default&#8221; locked=&#8221;off&#8221; global_colors_info=&#8221;{}&#8221;][et_pb_column type=&#8221;4_4&#8243; _builder_version=&#8221;4.22.0&#8243; _module_preset=&#8221;default&#8221;][et_pb_heading title=&#8221;Servicios &#8221; _builder_version=&#8221;4.27.4&#8243; _module_preset=&#8221;7571ceed-e11d-4017-aca7-e69ffa9bb732&#8243; title_text_color=&#8221;gcid-primary-color&#8221; global_colors_info=&#8221;{%22gcid-primary-color%22:%91%22title_text_color%22%93}&#8221;][\/et_pb_heading][et_pb_heading title=&#8221;Desbloquea todo tu potencial&#8221; _builder_version=&#8221;4.27.4&#8243; _module_preset=&#8221;bab1f5c2-711f-4a93-bd7d-56727e3a69e6&#8243; locked=&#8221;off&#8221; global_colors_info=&#8221;{}&#8221;][\/et_pb_heading][\/et_pb_column][\/et_pb_row][et_pb_row column_structure=&#8221;1_3,1_3,1_3&#8243; make_equal=&#8221;on&#8221; custom_padding_last_edited=&#8221;on|desktop&#8221; _builder_version=&#8221;4.25.2&#8243; _module_preset=&#8221;default&#8221; custom_padding_tablet=&#8221;||0px||false|false&#8221; custom_padding_phone=&#8221;||0px||false|false&#8221; locked=&#8221;off&#8221; global_colors_info=&#8221;{}&#8221;][et_pb_column type=&#8221;1_3&#8243; _builder_version=&#8221;4.25.2&#8243; _module_preset=&#8221;e6763dee-51c3-4124-8c6f-fd2b14e7385c&#8221; global_colors_info=&#8221;{}&#8221;][et_pb_icon font_icon=&#8221;&#xf571;||fa||900&#8243; _builder_version=&#8221;4.27.4&#8243; _module_preset=&#8221;fee88b74-698b-4a2a-9f97-9df20949ecc9&#8243; locked=&#8221;off&#8221; global_colors_info=&#8221;{}&#8221;][\/et_pb_icon][et_pb_heading title=&#8221;Contabilidad y Registro:&#8221; _builder_version=&#8221;4.27.4&#8243; _module_preset=&#8221;26f7f692-2fae-436e-9c00-92ad21fdc517&#8243; custom_margin=&#8221;||10px||false|false&#8221; global_colors_info=&#8221;{}&#8221;][\/et_pb_heading][et_pb_text _builder_version=&#8221;4.27.4&#8243; _module_preset=&#8221;56a7a00e-05b1-46a4-a3c1-3af711be6ff5&#8243; hover_enabled=&#8221;0&#8243; global_colors_info=&#8221;{}&#8221; sticky_enabled=&#8221;0&#8243;]<\/p>\n<ul>\n<li>Operaciones contables diarias, elaboraci\u00f3n de estados financieros e informes.<\/li>\n<li>Servicios de contabilidad conforme a los est\u00e1ndares de la Uni\u00f3n Europea, Espa\u00f1a y Turqu\u00eda.<\/li>\n<li>Facturaci\u00f3n electr\u00f3nica, contabilidad digital y soluciones contables basadas en la nube.<\/li>\n<li>Integraci\u00f3n contable a nivel europeo para empresas multinacionales.<\/li>\n<\/ul>\n<p>[\/et_pb_text][et_pb_text _builder_version=&#8221;4.27.4&#8243; _module_preset=&#8221;56a7a00e-05b1-46a4-a3c1-3af711be6ff5&#8243; hover_enabled=&#8221;0&#8243; global_colors_info=&#8221;{}&#8221; sticky_enabled=&#8221;0&#8243;]<\/p>\n<h4><strong data-start=\"509\" data-end=\"520\">Tarifa:<\/strong> El precio por este servicio es de <span style=\"text-decoration: underline;\"><strong data-start=\"555\" data-end=\"576\">40 euros por hora<\/strong>.<\/span><\/h4>\n<p>[\/et_pb_text][\/et_pb_column][et_pb_column type=&#8221;1_3&#8243; _builder_version=&#8221;4.25.2&#8243; _module_preset=&#8221;e6763dee-51c3-4124-8c6f-fd2b14e7385c&#8221; global_colors_info=&#8221;{}&#8221;][et_pb_icon font_icon=&#8221;&#xf4c0;||fa||900&#8243; _builder_version=&#8221;4.25.2&#8243; _module_preset=&#8221;fee88b74-698b-4a2a-9f97-9df20949ecc9&#8243; locked=&#8221;off&#8221; global_colors_info=&#8221;{}&#8221;][\/et_pb_icon][et_pb_heading title=&#8221;Gesti\u00f3n Financiera:&#8221; _builder_version=&#8221;4.27.4&#8243; _module_preset=&#8221;26f7f692-2fae-436e-9c00-92ad21fdc517&#8243; custom_margin=&#8221;||10px||false|false&#8221; locked=&#8221;off&#8221; global_colors_info=&#8221;{}&#8221;][\/et_pb_heading][et_pb_text _builder_version=&#8221;4.27.4&#8243; _module_preset=&#8221;56a7a00e-05b1-46a4-a3c1-3af711be6ff5&#8243; global_colors_info=&#8221;{}&#8221;]<\/p>\n<ul>\n<li>Gesti\u00f3n del flujo de caja, presupuestos, an\u00e1lisis financiero y gesti\u00f3n de riesgos.<\/li>\n<li>Estrategias financieras adaptadas a las regulaciones de Europa y Turqu\u00eda.<\/li>\n<li>Estructuraci\u00f3n financiera y asesoramiento en inversiones internacionales.<\/li>\n<li>Evaluaci\u00f3n financiera para aumento de capital, fusiones y adquisiciones.<\/li>\n<\/ul>\n<p>[\/et_pb_text][et_pb_text _builder_version=&#8221;4.27.4&#8243; _module_preset=&#8221;56a7a00e-05b1-46a4-a3c1-3af711be6ff5&#8243; hover_enabled=&#8221;0&#8243; global_colors_info=&#8221;{}&#8221; sticky_enabled=&#8221;0&#8243;]<\/p>\n<h4><strong data-start=\"509\" data-end=\"520\">Tarifa:<\/strong> El precio por este servicio es de <span style=\"text-decoration: underline;\"><strong data-start=\"555\" data-end=\"576\">40 euros por hora<\/strong>.<\/span><\/h4>\n<p>[\/et_pb_text][\/et_pb_column][et_pb_column type=&#8221;1_3&#8243; _builder_version=&#8221;4.25.2&#8243; _module_preset=&#8221;e6763dee-51c3-4124-8c6f-fd2b14e7385c&#8221; global_colors_info=&#8221;{}&#8221;][et_pb_icon font_icon=&#8221;&#xf0a1;||fa||900&#8243; _builder_version=&#8221;4.25.2&#8243; _module_preset=&#8221;fee88b74-698b-4a2a-9f97-9df20949ecc9&#8243; locked=&#8221;off&#8221; global_colors_info=&#8221;{}&#8221;][\/et_pb_icon][et_pb_heading title=&#8221;Asesoramiento Fiscal:&#8221; _builder_version=&#8221;4.27.4&#8243; _module_preset=&#8221;26f7f692-2fae-436e-9c00-92ad21fdc517&#8243; custom_margin=&#8221;||10px||false|false&#8221; locked=&#8221;off&#8221; global_colors_info=&#8221;{}&#8221;][\/et_pb_heading][et_pb_text _builder_version=&#8221;4.27.4&#8243; _module_preset=&#8221;56a7a00e-05b1-46a4-a3c1-3af711be6ff5&#8243; global_colors_info=&#8221;{}&#8221;]<\/p>\n<p>\u2022 Planificaci\u00f3n fiscal conforme a la normativa de la UE, Espa\u00f1a, Turqu\u00eda y otros pa\u00edses europeos.<br \/>\u2022 Gesti\u00f3n fiscal internacional, precios de transferencia y procedimientos de IVA.<br \/>\u2022 Asesoramiento sobre acuerdos para evitar la doble imposici\u00f3n y beneficios fiscales.<br \/>\u2022 Declaraciones de impuestos, auditor\u00edas y cumplimiento normativo.<\/p>\n<p>[\/et_pb_text][et_pb_text _builder_version=&#8221;4.27.4&#8243; _module_preset=&#8221;56a7a00e-05b1-46a4-a3c1-3af711be6ff5&#8243; hover_enabled=&#8221;0&#8243; global_colors_info=&#8221;{}&#8221; sticky_enabled=&#8221;0&#8243;]<\/p>\n<h4><strong data-start=\"509\" data-end=\"520\">Tarifa:<\/strong> El precio por este servicio es de <span style=\"text-decoration: underline;\"><strong data-start=\"555\" data-end=\"576\">40 euros por hora<\/strong>.<\/span><\/h4>\n<p>[\/et_pb_text][\/et_pb_column][\/et_pb_row][et_pb_row column_structure=&#8221;1_3,1_3,1_3&#8243; make_equal=&#8221;on&#8221; _builder_version=&#8221;4.25.2&#8243; _module_preset=&#8221;default&#8221; locked=&#8221;off&#8221; global_colors_info=&#8221;{}&#8221;][et_pb_column type=&#8221;1_3&#8243; _builder_version=&#8221;4.25.2&#8243; _module_preset=&#8221;e6763dee-51c3-4124-8c6f-fd2b14e7385c&#8221; global_colors_info=&#8221;{}&#8221;][et_pb_icon font_icon=&#8221;&#xf441;||fa||900&#8243; _builder_version=&#8221;4.27.4&#8243; _module_preset=&#8221;fee88b74-698b-4a2a-9f97-9df20949ecc9&#8243; locked=&#8221;off&#8221; global_colors_info=&#8221;{}&#8221;][\/et_pb_icon][et_pb_heading title=&#8221;Consultor\u00eda Estrat\u00e9gica para Empresas:&#8221; _builder_version=&#8221;4.27.4&#8243; _module_preset=&#8221;26f7f692-2fae-436e-9c00-92ad21fdc517&#8243; custom_margin=&#8221;||10px||false|false&#8221; locked=&#8221;off&#8221; global_colors_info=&#8221;{}&#8221;][\/et_pb_heading][et_pb_text _builder_version=&#8221;4.27.4&#8243; _module_preset=&#8221;56a7a00e-05b1-46a4-a3c1-3af711be6ff5&#8243; global_colors_info=&#8221;{}&#8221;]<\/p>\n<ul>\n<li>Estrategias de desarrollo y expansi\u00f3n empresarial en los mercados de Europa y Turqu\u00eda.<\/li>\n<li>Constituci\u00f3n de empresas, estructuraci\u00f3n legal y gesti\u00f3n de procesos operativos.<\/li>\n<li>Modelado empresarial, transformaci\u00f3n digital y optimizaci\u00f3n de procesos.<\/li>\n<li>Gobierno corporativo, an\u00e1lisis de competencia y planificaci\u00f3n de crecimiento sostenible.<\/li>\n<\/ul>\n<p>[\/et_pb_text][et_pb_text _builder_version=&#8221;4.27.4&#8243; _module_preset=&#8221;56a7a00e-05b1-46a4-a3c1-3af711be6ff5&#8243; hover_enabled=&#8221;0&#8243; global_colors_info=&#8221;{}&#8221; sticky_enabled=&#8221;0&#8243;]<\/p>\n<h4><strong data-start=\"509\" data-end=\"520\">Tarifa:<\/strong> El precio por este servicio es de <span style=\"text-decoration: underline;\"><strong data-start=\"555\" data-end=\"576\">40 euros por hora<\/strong>.<\/span><\/h4>\n<p>[\/et_pb_text][\/et_pb_column][et_pb_column type=&#8221;1_3&#8243; _builder_version=&#8221;4.25.2&#8243; _module_preset=&#8221;e6763dee-51c3-4124-8c6f-fd2b14e7385c&#8221; global_colors_info=&#8221;{}&#8221;][et_pb_icon font_icon=&#8221;&#xe0df;||divi||400&#8243; _builder_version=&#8221;4.25.2&#8243; _module_preset=&#8221;fee88b74-698b-4a2a-9f97-9df20949ecc9&#8243; locked=&#8221;off&#8221; global_colors_info=&#8221;{}&#8221;][\/et_pb_icon][et_pb_heading title=&#8221;Asesoramiento en Negocios e Inversiones Internacionales:&#8221; _builder_version=&#8221;4.27.4&#8243; _module_preset=&#8221;26f7f692-2fae-436e-9c00-92ad21fdc517&#8243; custom_margin=&#8221;||10px||false|false&#8221; locked=&#8221;off&#8221; global_colors_info=&#8221;{}&#8221;][\/et_pb_heading][et_pb_text _builder_version=&#8221;4.27.4&#8243; _module_preset=&#8221;56a7a00e-05b1-46a4-a3c1-3af711be6ff5&#8243; global_colors_info=&#8221;{}&#8221;]<\/p>\n<ul>\n<li>An\u00e1lisis y evaluaci\u00f3n de oportunidades de inversi\u00f3n en Europa y Turqu\u00eda.<\/li>\n<li>Estrategias de entrada al mercado y cumplimiento normativo para empresas extranjeras.<\/li>\n<li>Orientaci\u00f3n sobre asociaciones internacionales, gesti\u00f3n de fondos y programas de incentivos.<\/li>\n<li>Asesoramiento financiero en inversiones inmobiliarias, sectores industriales y tecnol\u00f3gicos.<\/li>\n<\/ul>\n<p>[\/et_pb_text][et_pb_text _builder_version=&#8221;4.27.4&#8243; _module_preset=&#8221;56a7a00e-05b1-46a4-a3c1-3af711be6ff5&#8243; hover_enabled=&#8221;0&#8243; global_colors_info=&#8221;{}&#8221; sticky_enabled=&#8221;0&#8243;]<\/p>\n<h4><strong data-start=\"509\" data-end=\"520\">Tarifa:<\/strong> El precio por este servicio es de <span style=\"text-decoration: underline;\"><strong data-start=\"555\" data-end=\"576\">40 euros por hora<\/strong>.<\/span><\/h4>\n<p>[\/et_pb_text][\/et_pb_column][et_pb_column type=&#8221;1_3&#8243; _builder_version=&#8221;4.25.2&#8243; _module_preset=&#8221;e6763dee-51c3-4124-8c6f-fd2b14e7385c&#8221; global_colors_info=&#8221;{}&#8221;][et_pb_icon font_icon=&#8221;&#xf2db;||fa||900&#8243; _builder_version=&#8221;4.27.4&#8243; _module_preset=&#8221;fee88b74-698b-4a2a-9f97-9df20949ecc9&#8243; locked=&#8221;off&#8221; global_colors_info=&#8221;{}&#8221;][\/et_pb_icon][et_pb_heading title=&#8221;Soluciones Digitales y Consultor\u00eda Tecnol\u00f3gica:&#8221; _builder_version=&#8221;4.27.4&#8243; _module_preset=&#8221;26f7f692-2fae-436e-9c00-92ad21fdc517&#8243; custom_margin=&#8221;||10px||false|false&#8221; locked=&#8221;off&#8221; global_colors_info=&#8221;{}&#8221;][\/et_pb_heading][et_pb_text _builder_version=&#8221;4.27.4&#8243; _module_preset=&#8221;56a7a00e-05b1-46a4-a3c1-3af711be6ff5&#8243; global_colors_info=&#8221;{}&#8221;]<\/p>\n<ul>\n<li>Sistemas ERP y soluciones digitales para la gesti\u00f3n contable y financiera.<\/li>\n<li>Asesoramiento estrat\u00e9gico en los procesos de transformaci\u00f3n digital de empresas.<\/li>\n<li>Soluciones financieras basadas en an\u00e1lisis de datos, inteligencia artificial y blockchain.<\/li>\n<li>Integraci\u00f3n financiera y cumplimiento fiscal para negocios de comercio electr\u00f3nico.<\/li>\n<\/ul>\n<p>[\/et_pb_text][et_pb_text _builder_version=&#8221;4.27.4&#8243; _module_preset=&#8221;56a7a00e-05b1-46a4-a3c1-3af711be6ff5&#8243; hover_enabled=&#8221;0&#8243; global_colors_info=&#8221;{}&#8221; sticky_enabled=&#8221;0&#8243;]<\/p>\n<h4><strong data-start=\"509\" data-end=\"520\">Tarifa:<\/strong> El precio por este servicio es de <span style=\"text-decoration: underline;\"><strong data-start=\"555\" data-end=\"576\">40 euros por hora<\/strong>.<\/span><\/h4>\n<p>[\/et_pb_text][\/et_pb_column][\/et_pb_row][\/et_pb_section][et_pb_section fb_built=&#8221;1&#8243; admin_label=&#8221;Feature&#8221; _builder_version=&#8221;4.25.2&#8243; _module_preset=&#8221;default&#8221; collapsed=&#8221;on&#8221; global_colors_info=&#8221;{}&#8221;][et_pb_row column_structure=&#8221;1_2,1_2&#8243; _builder_version=&#8221;4.25.2&#8243; _module_preset=&#8221;default&#8221; global_colors_info=&#8221;{}&#8221;][et_pb_column type=&#8221;1_2&#8243; _builder_version=&#8221;4.22.0&#8243; _module_preset=&#8221;default&#8221;][et_pb_heading title=&#8221;Nuestro Proceso para Alcanzar el \u00c9xito Juntos&#8221; _builder_version=&#8221;4.27.4&#8243; _module_preset=&#8221;74cd5324-0710-481e-b08d-c5eb62ab2e27&#8243; custom_margin=&#8221;||10px||false|false&#8221; global_colors_info=&#8221;{}&#8221;][\/et_pb_heading][et_pb_accordion _builder_version=&#8221;4.27.4&#8243; _module_preset=&#8221;default&#8221; global_colors_info=&#8221;{%22gcid-0cddd2b1-8b06-4d9a-ae17-1cfad24229a1%22:%91%22quote_border_color%22,%22quote_border_color%22,%22quote_border_color%22%93,%22gcid-7b51ca68-2041-4d4c-8aa9-1da49a79baed%22:%91%22border_color_all%22,%22border_color_all%22,%22border_color_all%22%93,%22gcid-heading-color%22:%91%22toggle_text_color%22,%22toggle_text_color%22,%22toggle_text_color%22%93}&#8221;][et_pb_accordion_item title=&#8221;Comprender sus Necesidades&#8221; open=&#8221;on&#8221; _builder_version=&#8221;4.27.4&#8243; _module_preset=&#8221;default&#8221; global_colors_info=&#8221;{}&#8221;]<\/p>\n<p>Comenzamos con una consulta integral para conocer su negocio, sus objetivos y los desaf\u00edos que enfrenta. Esta reuni\u00f3n inicial nos permite recopilar informaci\u00f3n clave y establecer una base s\u00f3lida para una colaboraci\u00f3n exitosa.<\/p>\n<p>[\/et_pb_accordion_item][et_pb_accordion_item title=&#8221;An\u00e1lisis Integral&#8221; _builder_version=&#8221;4.27.4&#8243; _module_preset=&#8221;default&#8221; global_colors_info=&#8221;{}&#8221; open=&#8221;off&#8221;]<\/p>\n<p>Nuestro equipo de expertos eval\u00faa en detalle su desempe\u00f1o financiero, posici\u00f3n en el mercado, eficiencia operativa y cumplimiento normativo. Este enfoque hol\u00edstico nos ayuda a identificar oportunidades de crecimiento y \u00e1reas que requieren mejoras estrat\u00e9gicas.<\/p>\n<p>[\/et_pb_accordion_item][et_pb_accordion_item title=&#8221;Desarrollo de Estrategias Personalizadas&#8221; _builder_version=&#8221;4.27.4&#8243; _module_preset=&#8221;default&#8221; global_colors_info=&#8221;{}&#8221; open=&#8221;off&#8221;]<\/p>\n<p>Con base en nuestros hallazgos, dise\u00f1amos soluciones estrat\u00e9gicas adaptadas a sus necesidades empresariales. Ya sea gesti\u00f3n financiera, optimizaci\u00f3n fiscal, transformaci\u00f3n digital o expansi\u00f3n de mercado, nuestras estrategias est\u00e1n enfocadas en el \u00e9xito a largo plazo.<\/p>\n<p>[\/et_pb_accordion_item][et_pb_accordion_item title=&#8221;Soporte y Asesoramiento Continuo&#8221; _builder_version=&#8221;4.27.4&#8243; _module_preset=&#8221;default&#8221; global_colors_info=&#8221;{}&#8221; open=&#8221;off&#8221;]<\/p>\n<p>Nuestra colaboraci\u00f3n no termina con la implementaci\u00f3n. Brindamos apoyo continuo, monitoreo y orientaci\u00f3n estrat\u00e9gica para ayudarle a enfrentar nuevos desaf\u00edos, maximizar la eficiencia y aprovechar nuevas oportunidades.<\/p>\n<p>[\/et_pb_accordion_item][\/et_pb_accordion][\/et_pb_column][et_pb_column type=&#8221;1_2&#8243; _builder_version=&#8221;4.22.0&#8243; _module_preset=&#8221;default&#8221;][et_pb_image src=&#8221;https:\/\/gokhanergroup.com.tr\/wp-content\/uploads\/2025\/03\/consulting-16.jpg&#8221; title_text=&#8221;consulting-16&#8243; _builder_version=&#8221;4.25.2&#8243; _module_preset=&#8221;15db61b0-4593-471f-9e24-f844968bc5c7&#8243; global_colors_info=&#8221;{}&#8221;][\/et_pb_image][\/et_pb_column][\/et_pb_row][\/et_pb_section][et_pb_section fb_built=&#8221;1&#8243; admin_label=&#8221;Subscribe&#8221; _builder_version=&#8221;4.25.2&#8243; _module_preset=&#8221;default&#8221; background_color=&#8221;gcid-primary-color&#8221; custom_padding=&#8221;6vw||6vw||true|false&#8221; locked=&#8221;off&#8221; collapsed=&#8221;on&#8221; global_colors_info=&#8221;{%22gcid-primary-color%22:%91%22background_color%22%93}&#8221;][et_pb_row _builder_version=&#8221;4.25.2&#8243; _module_preset=&#8221;default&#8221; global_colors_info=&#8221;{}&#8221;][et_pb_column type=&#8221;4_4&#8243; _builder_version=&#8221;4.22.0&#8243; _module_preset=&#8221;default&#8221; global_colors_info=&#8221;{}&#8221;][et_pb_cta title=&#8221;Para obtener m\u00e1s informaci\u00f3n, consulte las descripciones detalladas de cada servicio y haga clic en el bot\u00f3n %22Solicitar Cotizaci\u00f3n%22.&#8221; button_url=&#8221;#&#8221; button_text=&#8221;Solicitar Cotizaci\u00f3n&#8221; _builder_version=&#8221;4.27.4&#8243; _module_preset=&#8221;f6c65256-e3d5-41c1-9706-bb3dc2e9c712&#8243; max_width=&#8221;800px&#8221; module_alignment=&#8221;center&#8221; global_colors_info=&#8221;{}&#8221;][\/et_pb_cta][\/et_pb_column][\/et_pb_row][\/et_pb_section]<\/p>\n","protected":false},"excerpt":{"rendered":"<p>Operaciones contables diarias, elaboraci\u00f3n de estados financieros e informes. Servicios de contabilidad conforme a los est\u00e1ndares de la Uni\u00f3n Europea, Espa\u00f1a y Turqu\u00eda. Facturaci\u00f3n electr\u00f3nica, contabilidad digital y soluciones contables basadas en la nube. Integraci\u00f3n contable a nivel europeo para empresas multinacionales. Tarifa: El precio por este servicio es de 40 euros por hora. Gesti\u00f3n [&hellip;]<\/p>\n","protected":false},"author":1,"featured_media":0,"parent":0,"menu_order":0,"comment_status":"closed","ping_status":"closed","template":"","meta":{"_et_pb_use_builder":"on","_et_pb_old_content":"","_et_gb_content_width":"","footnotes":""},"class_list":["post-81","page","type-page","status-publish","hentry"],"_links":{"self":[{"href":"https:\/\/gokhanergroup.com.tr\/index.php?rest_route=\/wp\/v2\/pages\/81","targetHints":{"allow":["GET"]}}],"collection":[{"href":"https:\/\/gokhanergroup.com.tr\/index.php?rest_route=\/wp\/v2\/pages"}],"about":[{"href":"https:\/\/gokhanergroup.com.tr\/index.php?rest_route=\/wp\/v2\/types\/page"}],"author":[{"embeddable":true,"href":"https:\/\/gokhanergroup.com.tr\/index.php?rest_route=\/wp\/v2\/users\/1"}],"replies":[{"embeddable":true,"href":"https:\/\/gokhanergroup.com.tr\/index.php?rest_route=%2Fwp%2Fv2%2Fcomments&post=81"}],"version-history":[{"count":6,"href":"https:\/\/gokhanergroup.com.tr\/index.php?rest_route=\/wp\/v2\/pages\/81\/revisions"}],"predecessor-version":[{"id":213,"href":"https:\/\/gokhanergroup.com.tr\/index.php?rest_route=\/wp\/v2\/pages\/81\/revisions\/213"}],"wp:attachment":[{"href":"https:\/\/gokhanergroup.com.tr\/index.php?rest_route=%2Fwp%2Fv2%2Fmedia&parent=81"}],"curies":[{"name":"wp","href":"https:\/\/api.w.org\/{rel}","templated":true}]}}